 = 17 - u. Calculate the remainder when 27 is divided by t.
6
Let o = 2 + 29. What is the remainder when o is divided by 12?
7
Let m(z) = -z**3 + 15*z**2 - 16*z + 35. Calculate the remainder when 27 is divided by m(14).
6
Let z(d) = d**3 - d**2 - 2*d + 3. Let p be (92/6)/(4/(-6)). Let l = -15 - p. Calculate the remainder when z(3) is divided by l.
7
Let l = 102 + -96. What is the remainder when 14 is divided by l?
2
Suppose -p + 13 = 2*s, -3*p = -4*s + 2*s - 71. Calculate the remainder when p is divided by 14.
7
Suppose 3*s = 4*q + 10 + 32, -5*q = 3*s - 15. What is the remainder when s is divided by 3?
1
Let y = -114 + 185. Calculate the remainder when y is divided by 18.
17
Suppose 0*x = -3*x + 6. Suppose -5*f + b + 4*b - 5 = 0, -x*f + 10 = 2*b. Calculate the remainder when (f/5)/((-1)/(-25)) is divided by 6.
4
Let c = 62 - 57. What is the remainder when 28 is divided by c?
3
Suppose 2*k = 2*f + 20, -3*f + 2*k - 5*k - 24 = 0. Let m = f - -15. Let c(a) = a**3 + 7*a**2 - 3*a - 4. What is the remainder when c(-7) is divided by m?
5
Suppose n + 151 = 5*g, 3*g + 2*n + 23 = 4*g. What is the remainder when g is divided by 9?
4
Suppose -3*x - 2*t = -230, -6*x - 4*t + 380 = -x. What is the remainder when x is divided by 28?
24
Let d(q) = q + 3. Let w = -6 + 8. Suppose 57 = t + w*t. What is the remainder when t is divided by d(7)?
9
Suppose 3*w = 9 + 3. Let r(z) be the third derivative of z**4/2 - z**3/2 + z**2. What is the remainder when r(w) is divided by 16?
13
Let h(p) = -3*p + 5. Calculate the remainder when 17 is divided by h(-1).
1
Suppose 15 - 91 = -4*z. Let h(p) = 2*p**3 + 6*p - p**3 + 0*p - 2*p**2. What is the remainder when h(4) is divided by z?
18
Calculate the remainder when 25 is divided by ((0 - -2) + -3)*-10.
5
Suppose 15*b + 37 = 16*b. Let f = -24 - -44. Calculate the remainder when b is divided by f.
17
Let x = -11 + 13. Let w(b) = 4*b - 1. Calculate the remainder when 20 is divided by w(x).
6
Let m = 140 + -94. What is the remainder when m is divided by 16?
14
Suppose 0 = 5*u - 0*u + 3*c, 0 = 4*u + c. Suppose u = n + 3*f - 13, 4*n = -f + 15 + 15. What is the remainder when 20 is divided by n?
6
Let j(a) = -6*a + 4. Let p be j(7). Let q = p - -55. Calculate the remainder when 32 is divided by q.
15
Suppose y + 170 = 5*g, 3*g = 4*g + 3*y - 18. Calculate the remainder when g is divided by 9.
6
Suppose -25 - 1 = -2*z + p, 2*z - 4*p - 26 = 0. Let k(r) = -r**3 - 2*r**2 - 5*r - 3. Calculate the remainder when k(-4) is divided by z.
10
Let f be 24/14 + (-8)/(-28). Let r be (-1*2)/f*1. Let b(p) = -7*p**3 - p**2 + p + 1. What is the remainder when 11 is divided by b(r)?
5
Suppose -7*n - 51 = -590. Suppose -4*w + 12 = -52. What is the remainder when n is divided by w?
13
Let l = 18 - 28. Let p be (-1)/(-1*(-1)/l). Calculate the remainder when 3 is divided by ((-4)/p)/((-2)/10).
1
Suppose 0 = 3*x + 2*n - 61, 4*n + 9 = 29. Calculate the remainder when 31 is divided by x.
14
Let s = 75 + -52. Calculate the remainder when s is divided by 12.
11
Let f(c) = -c - 3. Let v be f(-2). Suppose -3*s = -1 - 8. Let u = v + s. What is the remainder when u is divided by 2?
0
Suppose -4*d + 153 = 5*p, -30 = -3*p + 5*d + 47. Calculate the remainder when 112 is divided by p.
25
Suppose 7*q = 3*q, -2*k - 3*q = -18. Suppose -d - k = 2*b, -6 = 3*d - 5*d + 4*b. Calculate the remainder when (-6)/d + 3 - -2 is divided by 3.
1
Let f = -10 + 22. Let u = -68 + 102. Calculate the remainder when u is divided by f.
10
Let z(q) = -q**3 + 7*q**2 - q + 4. Let d be z(7). Calculate the remainder when 27 is divided by (-3 - -5) + (9 - d).
13
Let s(i) = 16*i**2 - 1. Suppose -5*b = -76 - 139. Calculate the remainder when b is divided by s(1).
13
Suppose 0 = -3*c - 0*c + 9. Suppose 0 = -4*k + 4*n + 96, 2*k - 38 = -0*n - c*n. Calculate the remainder when k is divided by 13.
9
Let t(p) = 3*p. Suppose -2*q - 4*s = 18, 4*q + 4*s - s = -11. Let c be t(q). Suppose -41 - c = -4*z. Calculate the remainder when z is divided by 6.
5
Let u = 122 + -111. Suppose 6*v = v + 105. What is the remainder when v is divided by u?
10
Let c(f) = f**3 + 6*f**2 + 4*f - 1. Let j be c(-5). Calculate the remainder when 41 is divided by 43/4 - (-1)/j.
8
Let z be (5 - 15)*2/5. Let u = 9 + z. What is the remainder when 14 is divided by u?
4
Suppose -8*d - 16 = -192. Calculate the remainder when d is divided by 13.
9
Let o(l) = 1 + 7*l**2 + 2 + 0 - 6*l + 0*l - l**3. Calculate the remainder when o(6) is divided by 2.
1
Suppose 2*g - 3*g + 66 = 0. Suppose -3*i + g = -4*h, 3*h - 139 = -0*i - 5*i. Calculate the remainder when i is divided by 7.
5
Let f be ((-3)/3)/((-1)/15). Suppose -3*y = -6 - f. What is the remainder when y is divided by 4 - (1 - 2)/(-1)?
1
Let l be (-2)/(10/4 + -2). Let z be 4/l - (-1 - 6). Calculate the remainder when (-2)/4 + 267/z is divided by 15.
14
Let n(o) = o**3 - o**2 + 6*o - 4. Calculate the remainder when 94 is divided by n(3).
30
Let o(p) = 2*p. Suppose 4 = -4*l, 16 + 0 = 4*n + 4*l. Let t be 1/4*220/n. What is the remainder when 64 is divided by o(t)?
20
Let i(w) = -w**3 + w**2 + w + 3. Let o(q) = q**3 - 2*q**2 + q + 2. Calculate the remainder when o(2) is divided by i(0).
1
Let f = 16 - 11. Suppose f*s - 33 = -l, 0*l - s = 3*l - 71. Suppose -31*u - 24 = -34*u. Calculate the remainder when l is divided by u.
7
Suppose 2 = -4*u - 6. Let l be -23 - (3 + u + -2). Let d = 38 + l. What is the remainder when d is divided by 6?
4
Suppose -n - f - 2*f - 12 = 0, -n + 4*f + 9 = 0. What is the remainder when ((-6)/(-6))/(n/(-129)) is divided by 15?
13
Suppose 3*y - 189 = 3*q, 4*y + 5*q - 78 - 192 = 0. Suppose 0 = -2*a - 2*a + 88. What is the remainder when y is divided by a?
21
Suppose t = -3*t + 24. Let d be 2 + (-2)/(1 + 1). Calculate the remainder when 17 is divided by (t*(1 + 0))/d.
5
Let d be (-24)/16 - 6/4. Let z(f) = -8*f + 3. What is the remainder when z(d) is divided by 14?
13
Suppose 5*b - 1 - 64 = 0. Let z = 3 + b. Calculate the remainder when z is divided by 5.
1
Let k(p) = 6*p - 1. Let c = -3 - -8. Calculate the remainder when k(c) is divided by 16.
13
Let k = 20 - 4. What is the remainder when 45 is divided by k?
13
Let g(i) = i**2 - 17*i - 49. Calculate the remainder when g(24) is divided by 34.
17
Let y = -4 - -9. Suppose -q + 22 = 4*m, -3*q - 5*m = -5*q + 31. Suppose q = 4*g - 14. Calculate the remainder when g is divided by y.
3
Suppose 72 = 2*k - 0*k. What is the remainder when 69 is divided by k?
33
Suppose 0 = -8*o + 526 + 202. What is the remainder when o is divided by 23?
22
Calculate the remainder when (5 - 5) + (77 - 0) is divided by 13.
12
Suppose 4*p - 2*p - 164 = 0. Suppose -p - 101 = -3*h. Calculate the remainder when h is divided by 16.
13
Let v = 17 + -19. Let a = v + 17. Calculate the remainder when a is divided by 4.
3
Let q(n) = 24*n**2 + 3*n + 3. Calculate the remainder when 116 is divided by q(-1).
20
Let h = 34 - 20. Suppose -3*l = -2*q - 116, q = 5*l + 5*q - 208. Calculate the remainder when l is divided by h.
12
Suppose -i = 6 + 2. What is the remainder when 17 is divided by ((-10)/(-3))/(i/(-12))?
2
Suppose 0 = 4*b - 11 + 3. Let o be (-2)/(-4) - (-21)/6. Suppose s - o = -2*t, -5*t - 12 = 4*s - 7*s. What is the remainder when s is divided by b?
0
Let z = -130 + 197. Let t = z - 41. Calculate the remainder when t is divided by 14.
12
Calculate the remainder when 65 is divided by 30 + 2 - (0 + -2).
31
Suppose -102 = -19*i + 12. Calculate the remainder when 14 is divided by i.
2
Let z = -49 + 52. Calculate the remainder when z is divided by 1.
0
Let p(w) = -w**3 + 9*w**2 - 7*w + 1. Let f be p(8). Let g = 27 - 18. Calculate the remainder when g is divided by 1 - f/(-3) - -1.
4
Suppose 3*c + 5*v = 26, -38 = -0*c - 3*c + v. What is the remainder when c is divided by 7?
5
What is the remainder when 41 is divided by ((-51)/(-12) - 3)*12?
11
Let x(f) = -f**3 + f**2 + 1. Let t = 232 + -124. Let z = t + -70. What is the remainder when z is divided by x(-2)?
12
Suppose 11 = 4*h - 5. Calculate the remainder when 14 is divided by h.
2
Let n = -10 - -8. What is the remainder when 14 is divided by -1 - (n + 2 + -5)?
2
Suppose -5*w - 14 = 21. Let v(x) = x**3 + 7*x**2 - x - 3. What is the remainder when v(w) is divided by 2?
0
Let w = -3 - -5. Suppose 5*s - 162 = 3*f, w*s